2, 3, 7
What are the prime factors of 2686?
2, 17, 79
List the prime factors of 817.
19, 43
What are the prime factors of 1831?
1831
What are the prime factors of 5159?
7, 11, 67
List the prime factors of 51748.
2, 17, 761
List the prime factors of 9926.
2, 7, 709
What are the prime factors of 1408?
2, 11
List the prime factors of 6904.
2, 863
What are the prime factors of 281?
281
List the prime factors of 52302.
2, 3, 23, 379
List the prime factors of 4412.
2, 1103
What are the prime factors of 72?
2, 3
List the prime factors of 7408.
2, 463
List the prime factors of 1304.
2, 163
List the prime factors of 11878.
2, 5939
What are the prime factors of 9252?
2, 3, 257
What are the prime factors of 1137?
3, 379
List the prime factors of 97226.
2, 173, 281
List the prime factors of 70.
2, 5, 7
What are the prime factors of 24008?
2, 3001
What are the prime factors of 746?
2, 373
List the prime factors of 4574.
2, 2287
List the prime factors of 1213.
1213
What are the prime factors of 3076?
2, 769
List the prime factors of 1247.
29, 43
What are the prime factors of 48039?
3, 67, 239
What are the prime factors of 2285?
5, 457
What are the prime factors of 1085?
5, 7, 31
List the prime factors of 44108.
2, 11027
What are the prime factors of 26848?
2, 839
List the prime factors of 20894.
2, 31, 337
What are the prime factors of 262?
2, 131
What are the prime factors of 6269?
6269
List the prime factors of 71744.
2, 19, 59
List the prime factors of 1082.
2, 541
What are the prime factors of 111625?
5, 19, 47
What are the prime factors of 54456?
2, 3, 2269
List the prime factors of 3309.
3, 1103
What are the prime factors of 234?
2, 3, 13
What are the prime factors of 1922?
2, 31
List the prime factors of 9248.
2, 17
What are the prime factors of 30760?
2, 5, 769
What are the prime factors of 2671?
2671
What are the prime factors of 10199?
7, 31, 47
List the prime factors of 263.
263
What are the prime factors of 24949?
61, 409
What are the prime factors of 6204?
2, 3, 11, 47
List the prime factors of 1945.
5, 389
List the prime factors of 20314.
2, 7, 1451
What are the prime factors of 404?
2, 101
What are the prime factors of 8680?
2, 5, 7, 31
What are the prime factors of 119529?
3, 19, 233
List the prime factors of 4403.
7, 17, 37
What are the prime factors of 1599?
3, 13, 41
What are the prime factors of 2156?
2, 7, 11
What are the prime factors of 1002?
2, 3, 167
What are the prime factors of 38985?
3, 5, 23, 113
List the prime factors of 3153.
3, 1051
List the prime factors of 62.
2, 31
List the prime factors of 14252.
2, 7, 509
What are the prime factors of 6271?
6271
What are the prime factors of 23769?
3, 19, 139
List the prime factors of 10145.
5, 2029
What are the prime factors of 807?
3, 269
List the prime factors of 2618.
2, 7, 11, 17
List the prime factors of 8820.
2, 3, 5, 7
What are the prime factors of 42891?
3, 17, 29
What are the prime factors of 865?
5, 173
List the prime factors of 2187.
3
List the prime factors of 24193.
13, 1861
What are the prime factors of 1606?
2, 11, 73
List the prime factors of 29718.
2, 3, 13, 127
What are the prime factors of 553?
7, 79
List the prime factors of 60253.
89, 677
List the prime factors of 204.
2, 3, 17
What are the prime factors of 1329?
3, 443
List the prime factors of 3771.
3, 419
List the prime factors of 24122.
2, 7, 1723
List the prime factors of 1144.
2, 11, 13
What are the prime factors of 1818?
2, 3, 101
List the prime factors of 28396.
2, 31, 229
What are the prime factors of 504?
2, 3, 7
List the prime factors of 110.
2, 5, 11
What are the prime factors of 4774?
2, 7, 11, 31
List the prime factors of 1217.
1217
List the prime factors of 30224.
2, 1889
What are the prime factors of 900?
2, 3, 5
List the prime factors of 1874.
2, 937
List the prime factors of 5509.
7, 787
What are the prime factors of 13597?
13597
What are the prime factors of 772?
2, 193
What are the prime factors of 61078?
2, 30539
List the prime factors of 1229.
1229
List the prime factors of 15849.
3, 587
What are the prime factors of 2240?
2, 5, 7
What are the prime factors of 9385?
5, 1877
What are the prime factors of 12812?
2, 3203
List the prime factors of 162887.
19, 8573
What are the prime factors of 7140?
2, 3, 5, 7, 17
List the prime factors of 41372.
2, 10343
List the prime factors of 409.
409
What are the prime factors of 909?
3, 101
What are the prime factors of 993?
3, 331
What are the prime factors of 372?
2, 3, 31
List the prime factors of 1275.
3, 5, 17
List the prime factors of 20591.
59, 349
What are the prime factors of 3845?
5, 769
List the prime factors of 33181.
33181
What are the prime factors of 2503?
2503
What are the prime factors of 1249?
1249
List the prime factors of 3241.
7, 463
What are the prime factors of 13417?
13417
List the prime factors of 1578.
2, 3, 263
List the prime factors of 5768.
2, 7, 103
List the prime factors of 103.
103
What are the prime factors of 6915?
3, 5, 461
What are the prime factors of 809?
809
What are the prime factors of 4313?
19, 227
List the prime factors of 6273.
3, 17, 41
List the prime factors of 168.
2, 3, 7
What are the prime factors of 50459?
50459
List the prime factors of 875.
5, 7
List the prime factors of 636.
2, 3, 53
What are the prime factors of 635?
5, 127
List the prime factors of 16854.
2, 3, 53
What are the prime factors of 5084?
2, 31, 41
What are the prime factors of 274?
2, 137
List the prime factors of 677.
677
List the prime factors of 3909.
3, 1303
What are the prime factors of 1179?
3, 131
List the prime factors of 11212.
2, 2803
What are the prime factors of 2499?
3, 7, 17
What are the prime factors of 784?
2, 7
What are the prime factors of 31755?
3, 5, 29, 73
List the prime factors of 8629.
8629
What are the prime factors of 998?
2, 499
What are the prime factors of 805?
5, 7, 23
What are the prime factors of 47229?
3, 7, 13, 173
What are the prime factors of 3315?
3, 5, 13, 17
List the prime factors of 9549.
3, 1061
List the prime factors of 6670.
2, 5, 23, 29
What are the prime factors of 22184?
2, 47, 59
What are the prime factors of 8204?
2, 7, 293
List the prime factors of 1057.
7, 151
List the prime factors of 3175.
5, 127
What are the prime factors of 719?
719
List the prime factors of 988.
2, 13, 19
What are the prime factors of 7704?
2, 3, 107
What are the prime factors of 56025?
3, 5, 83
List the prime factors of 10258.
2, 23, 223
List the prime factors of 10264.
2, 1283
What are the prime factors of 942?
2, 3, 157
List the prime factors of 12710.
2, 5, 31, 41
List the prime factors of 93655.
5, 18731
List the prime factors of 10656.
2, 3, 37
List the prime factors of 12385.
5, 2477
What are the prime factors of 4594?
2, 2297
What are the prime factors of 897?
3, 13, 23
List the prime factors of 335.
5, 67
What are the prime factors of 75947?
173, 439
List the prime factors of 200.
2, 5
List the prime factors of 7940.
2, 5, 397
What are the prime factors of 35366?
2, 17683
What are the prime factors of 140427?
3, 7, 743
What are the prime factors of 796?
2, 199
What are the prime factors of 34124?
2, 19, 449
What are the prime factors of 729?
3
List the prime factors of 57503.
57503
List the prime factors of 1480.
2, 5, 37
What are the prime factors of 8024?
2, 17, 59
List the prime factors of 12318.
2, 3, 2053
What are the prime factors of 15134?
2, 7, 23, 47
List the prime factors of 21697.
13, 1669
What are the prime factors of 4688?
2, 293
List the prime factors of 39938.
2, 19, 1051
List the prime factors of 2908.
2, 727
What are the prime factors of 2139?
3, 23, 31
List the prime factors of 10327.
23, 449
List the prime factors of 3502.
2, 17, 103
List the prime factors of 1281.
3, 7, 61
List the prime factors of 1560.
2, 3, 5, 13
What are the prime factors of 3961?
17, 233
What are the prime factors of 6790?
2, 5, 7, 97
List the prime factors of 6841.
6841
What are the prime factors of 1268?
2, 317
What are the prime factors of 136297?
7, 19471
What are the prime factors of 342?
2, 3, 19
What are the prime factors of 163414?
2, 81707
List the prime factors of 12372.
2, 3, 1031
What are the prime factors of 15380?
2, 5, 769
List the prime factors of 100930.
2, 5, 10093
List the prime factors of 74.
2, 37